*j + 988. Let f(u) = 56*u + 487. Let a(k) = -9*f(k) + 4*z(k). Calculate a(-38).
25
Let z(r) be the third derivative of -r**5/30 - 3*r**4/8 - 5*r**3/3 - 33*r**2 + r - 1. Give z(-2).
0
Let g be 14/(18/(-54)*6). Let b(y) = 2*y + 10. Determine b(g).
-4
Let u be -32 + 9 + 3 + -13. Let a(h) = 3*h + 94. Give a(u).
-5
Let i be ((-5 - -4) + 0)/(3/(-36)). Suppose -2*b + 3*u + i = 0, b = 3*u + 17 - 5. Let r(g) = -g**2 + g + 5. What is r(b)?
5
Let v(x) = 206 - x - 400 + 5*x + 189 - 2*x - x. Let j = 11 + -5. Let n = j + 0. Determine v(n).
1
Suppose -3*r + 27 = -0*r + 5*p, 5*r - 2*p = 14. Let o(m) = 26 - 8*m + 44 + 40 - 111. What is o(r)?
-33
Let o(x) = x**3 + 14*x**2 + 14*x + 7. Let v(b) = -b**3 - 24*b**2 + 214*b + 8. Let n be v(7). Calculate o(n).
-6
Let r = 465 - 446. Let a(f) = -16 - r + 2*f**2 + 29 - f + 6*f. Determine a(4).
46
Let p(s) = 2*s - 20. Let x be p(6). Let d be 2/14 + x/7. Let f be d + ((-2)/1 - -2). Let z(y) = 5*y - 1. What is z(f)?
-6
Let w(t) = t**2 - 8*t + 8. Let u(f) = -f**2 - 5*f + 21. Let i be u(-4). Suppose 0 = -5*p + 2*y + i, -p - y + 12 = -0*p. Calculate w(p).
1
Let f(h) = 4*h. Let d(a) = -a**2 - 33*a - 86. Let w be d(-30). Suppose -3*v - 7 = 2*m, 3*v = v - 4*m - 18. Suppose 4*i = w*z + 3*i - 3, i = v. Calculate f(z).
4
Let y(u) = -u**2 + 7*u + 3. Suppose -8*p - 42 = -122. Suppose 37 + 23 = p*n. What is y(n)?
9
Let a(t) = t**2 + 31*t + 55. Suppose 22*k = 194*k + 4988. Calculate a(k).
-3
Let m(h) = -3*h**2 + 5*h - 3. Let y be (-385)/77 - 4*-2. Calculate m(y).
-15
Let b = 44668 + -44664. Let t(u) = 127*u - 510. Determine t(b).
-2
Let o = -298 + 301. Let j be o/24*2*(-80)/(-10). Let d(f) = -7*f**2 + f - 1. Calculate d(j).
-27
Let v(b) = b**3 - 4*b**2 - 5*b + 6. Suppose -6*r = -350 + 320. Calculate v(r).
6
Let k(y) = -19*y - 1 - 3*y**3 + 4*y**2 + 5*y**3 + 21*y - y**3. Suppose 0 = -5*v - 10 - 5. Calculate k(v).
2
Let d(y) be the first derivative of y**6/24 - y**5/60 + y**3/6 - 29*y**2/2 + 2*y + 201. Let t(b) be the second derivative of d(b). Determine t(1).
5
Let c be ((-1)/(-5))/((-41)/(-1230)). Let q(i) = 13*i**2 - 7*i - 3. Let d(r) = 2*r**2 - 1. Let o(b) = 6*d(b) - q(b). Determine o(c).
3
Let r(a) = a**3 - a - 10. Let x be ((-1)/3)/((-616)/(-123) + -5). Let p = -41 - x. What is r(p)?
-10
Let i be (-3 - (-10)/3)/(6/(-108)). Let a(t) = t**2 - 4*t + 1. Let r(v) = v. Let g(o) = i*r(o) - a(o). What is g(0)?
-1
Let i be 75/81 - (-7 - (-561)/81). Let w(o) be the third derivative of o**6/120 + o**5/60 - o**4/24 + o**2. Determine w(i).
1
Let l(f) be the third derivative of 1/12*f**4 + 117*f**2 - 3/20*f**5 + 0 + 0*f - 1/6*f**3. Calculate l(2).
-33
Let t = 733 + -712. Let m(g) = 7*g - 151. Let p be m(t). Let k(v) = v + v**2 - 3 - 2*v**2 - 5*v. Calculate k(p).
-3
Suppose -2*g + 5 = -s, -2*s + 2 = -s + 5*g. Suppose -73*d - 4216 = -107*d. Let q(y) = -6*y - d + 59 + 63 + 4*y + 0*y. Calculate q(s).
4
Let n = 10 - 5. Let j(l) = l - 5. Let p be j(12). Let z(o) = 4*o - 2*o + n*o**2 - p - 4*o**2. What is z(-5)?
8
Let o(d) = -10*d**3 - 4*d**2 - 8*d + 1. Let k(u) = -23*u**3 - 8*u**2 - 20*u + 2. Let m(g) = 3*k(g) - 7*o(g). What is m(-4)?
15
Suppose -46*m - 76 - 13 = 49. Let l(g) = -9*g. What is l(m)?
27
Let h(z) = 5*z**3 + 15*z**2 + 15*z - 3. Let p(i) = -4*i**3 - i**2 - 2*i + 1. Let r(k) = -h(k) - p(k). Calculate r(-13).
2
Suppose -4*p - 16 = 4*c, 5*c + 65*p - 70*p = 10. Let j = 15 + -13. Let s(t) = t**j + 3*t**2 - 13*t**2. What is s(c)?
-9
Let c(l) = 2*l + 2. Let v(g) = 1. Let x(u) = -3*c(u) - 5*v(u). Calculate x(-2).
1
Let y(l) = -l**2 + 6*l + 1. Let u be y(6). Let x = 1 + u. Let f(g) be the first derivative of -g**2/2 - 2*g + 103. Calculate f(x).
-4
Let n(i) = 4*i - 2. Let c(r) = -4*r + 3. Let x(w) = 5*c(w) + 4*n(w). Let f be (-3)/((21/(-35))/3 + (-2)/5). Calculate x(f).
-13
Let l(a) = a**2 - a + 13. Let i(h) = h**2 - h - 3. Let x be i(-2). Suppose 0 = x*u - 0*u - 57. Let f = u - 19. Determine l(f).
13
Let f(p) be the first derivative of 3*p**4 - 2*p**3/3 + p + 1. Let j = 109 + -95. Suppose -g + 0*g = 2*y - 6, 2*y - 4*g = -j. Calculate f(y).
11
Suppose 47*b + 8 = 45*b. Let h(g) be the first derivative of g**3/3 - 8. What is h(b)?
16
Suppose 183*c - 206*c - 54 + 767 = 0. Let d be (2/(-4))/(1/72). Let o = c + d. Let b(r) = r**2 + 7*r + 4. Calculate b(o).
-6
Suppose b + t + 0*t - 13 = 0, 3*b + 5*t = 39. Let f(q) = b - 4*q**2 + 2*q + q + q**3 - 5*q**2 - 5*q. Suppose 15 = -5*r + 19 + 41. Determine f(r).
-5
Let p(t) be the second derivative of -t**4/12 - 11*t**3/6 - 15*t**2/2 + 25*t. What is p(-2)?
3
Suppose -2*z + 54 - 60 = 0. Let n be 2/(-8) + (-18)/(-8). Let b(t) = n*t + t + 9 - 3 - 2. Calculate b(z).
-5
Let x(z) = -z**2 + 5*z + 4. Suppose -2 = -0*a - 4*a - 3*q, 4*q + 10 = a. Let w be ((-3)/a)/(-3)*10. Let t be x(w). Let s(m) = m**2 - 4*m + 4. What is s(t)?
4
Let d(x) = 6*x**2 - 2*x + 17. Let u = -26954 - -26958. Give d(u).
105
Let u(g) = -g**3 + 4*g**2 - 2*g. Suppose 16 - 2 = -4*f - 2*h, -5*f - h - 22 = 0. Let z be 7 - (-4 - -4 - f). Let b be (z - (-18)/(-4))*(-6)/5. Determine u(b).
3
Let n(z) = 3*z + 6. Let p(j) = 25*j + 21. Let w(c) = -47*c - 43. Let i(l) = -7*p(l) - 4*w(l). Let k(t) = 2*i(t) - 9*n(t). What is k(12)?
-16
Let z = 34667 - 34679. Let i(l) = -18*l - 221. Calculate i(z).
-5
Let g(f) = 60*f**2 + 4*f + 28. Let u(h) = -57*h**2 - 4*h - 27. Let r(k) = -18*g(k) - 19*u(k). Give r(-2).
13
Suppose -5*z = 3*j - 200, -2*z + 12 = 4*j - 68. Let f(h) = h**3 - 39*h**2 - 37*h - 117. Let q be f(z). Let g(r) = r**3 + 3*r - 1. Calculate g(q).
35
Let u = -79 + 85. Let c(y) = 6 - y + 9 + u - 25 + 3. Suppose -28 = 3*h + h. Give c(h).
6
Let b(t) = t - 2. Suppose -4*y = -f + 13, -2*y - y = -2*f + 11. Let v be (-5)/(15/(-9))*f. Suppose -3*c + 1 = v*d + d, -5*d = 4*c - 3. Calculate b(c).
5
Let b = -29226 + 29255. Let g(p) = 4*p - 104. Calculate g(b).
12
Let p(k) be the first derivative of -k**3/3 - 7*k**2/2 - 5*k - 18. Let q(g) = g + 21. Let r be q(-27). Determine p(r).
1
Let s(m) = 7*m**2 - 13*m. Let o be s(2). Let l(b) = -3 + 0*b + 0*b - 1 + 46*b**o - 45*b**2. Determine l(2).
0
Let w(m) = -3*m + 3. Let s be 58 + (-3)/(-6)*-8. Let j = 85 - 143. Let n = j + s. What is w(n)?
15
Let i(n) = -n - 8. Let b = -1329 + 2108. Let h = b + -786. Give i(h).
-1
Let j(s) = 9*s - 9 - 2*s**2 - 1 + 1 + 7. Let z(w) = w**2 - w - 1. Let p(t) = -j(t) - z(t). What is p(8)?
3
Let p be 72/(-33) + 168/924. Let s(y) = -y**3 + 3*y - 1. Determine s(p).
1
Let w(z) = z**3 + 4*z**2 - 8. Suppose 73*l + 421 - 129 = 0. Give w(l).
-8
Let i(y) = 3*y + 19. Let q(s) = -4*s - 29. Let l(g) = -7*i(g) - 5*q(g). Let n be l(6). Let h = n - 4. Let z(p) = -2*p + 2. Give z(h).
-2
Let g(n) = 3*n**2 - 435*n + 13497. Let v be g(100). Let c(w) be the third derivative of -w**2 + 1/3*w**3 + 0*w + 0 + 1/8*w**4. Calculate c(v).
-7
Let k(s) = 1561*s + 7809. Let g be k(-5). Let c(q) = 5 - q - 2*q**2 + q**2 + 5*q. What is c(g)?
5
Suppose 2*w - 4 = -12*m + 14*m, 2*m - 3*w = -8. Let p = -4 + 8. Let a(x) = p*x - x - 6*x + x**2 + m. Calculate a(2).
0
Let c be (-2)/(13/(-39) - ((-1 - -2) + -2)). Let b(w) = -4*w - 9. Calculate b(c).
3
Suppose -3 = -2*d + 1. Let j(t) = 46*t + 30*t**3 - 27*t**3 + t - 41 - 25*t**d. Let p(i) = -i**3 + 8*i**2 - 16*i + 14. Let o(h) = -4*j(h) - 11*p(h). Give o(11).
-1
Let m = -751 - -753. Let i(l) = 95*l**m - 5 + 90*l**2 + 0 + l**3 - 4*l - 189*l**2. Calculate i(5).
0
Let r(b) = b**2 - 32*b - 6. Suppose 0 = 369*h - 344*h - 800. Give r(h).
-6
Let l(s) be the second derivative of s**3/2 - 59*s**2/2 + 2*s - 2371. Determine l(0).
-59
Let c(h) be the third derivative of h**4/24 - 5*h**3/6 + 4*h**2 + 28*h. What is c(3)?
-2
Let u(x) = -9*x**3 + x**2 + 4*x + 2. Let t(y) = 3*y**2 - 81*y + 329. Let i be t(22). Calculate u(i).
8
Let m(n) be the second derivative of -n**6/120 + n**5/12 + n**4/3 + 5*n**3/3 + 54*n**2 - 232*n. Let w(g) be the first derivative of m(g). Determine w(7).
-32
Let m(y) = -26*y + 19. Suppose 157*b - 178*b + 12 = -51. What is m(b)?
-59
Let b(z) = -z**3 + 7 - 8*z - 270*z**2 + 273*z**2 + 2 - 6. Calculate b(5).
-87
Let p(b) be the second derivative of -b**4/12 - 3*b**3/2 - 7*b**2/2 - 1957*b - 2. Give p(-6).
11
Let c be ((-10)/(-2) - (-8 + 10))*1. Suppose -22*o = c*o - 350. Let u(i) = -i**2 + 15*i - 14. Determine u(o).
0
Let o(t) = 7*t**3 - 11*t**2 - 12*t - 2. Suppose 2 = -7*h - 0 - 5. Determ